{"version":"1.0","provider_name":"Institut Jaume Mim\u00f3 FP","provider_url":"https:\/\/www.ciclesfp.cat\/ca\/","author_name":"insjaumemimo","author_url":"https:\/\/www.ciclesfp.cat\/ca\/author\/insjaumemimo\/","title":"Apliquem Design Thinking al nostre projecte intermodular - Institut Jaume Mim\u00f3 FP","type":"rich","width":600,"height":338,"html":"<blockquote class=\"wp-embedded-content\" data-secret=\"g83MPIFNVR\"><a href=\"https:\/\/www.ciclesfp.cat\/ca\/2025\/06\/14\/apliquem-design-thinking-al-nostre-projecte-intermodular\/\">Apliquem Design Thinking al nostre projecte intermodular<\/a><\/blockquote><iframe sandbox=\"allow-scripts\" security=\"restricted\" src=\"https:\/\/www.ciclesfp.cat\/ca\/2025\/06\/14\/apliquem-design-thinking-al-nostre-projecte-intermodular\/embed\/#?secret=g83MPIFNVR\" width=\"600\" height=\"338\" title=\"&#8220;Apliquem Design Thinking al nostre projecte intermodular&#8221; &#8212; Institut Jaume Mim\u00f3 FP\" data-secret=\"g83MPIFNVR\" frameborder=\"0\" marginwidth=\"0\" marginheight=\"0\" scrolling=\"no\" class=\"wp-embedded-content\"><\/iframe><script type=\"text\/javascript\">\n\/* <![CDATA[ *\/\n\/*! This file is auto-generated *\/\n!function(d,l){\"use strict\";l.querySelector&&d.addEventListener&&\"undefined\"!=typeof URL&&(d.wp=d.wp||{},d.wp.receiveEmbedMessage||(d.wp.receiveEmbedMessage=function(e){var t=e.data;if((t||t.secret||t.message||t.value)&&!\/[^a-zA-Z0-9]\/.test(t.secret)){for(var s,r,n,a=l.querySelectorAll('iframe[data-secret=\"'+t.secret+'\"]'),o=l.querySelectorAll('blockquote[data-secret=\"'+t.secret+'\"]'),c=new RegExp(\"^https?:$\",\"i\"),i=0;i<o.length;i++)o[i].style.display=\"none\";for(i=0;i<a.length;i++)s=a[i],e.source===s.contentWindow&&(s.removeAttribute(\"style\"),\"height\"===t.message?(1e3<(r=parseInt(t.value,10))?r=1e3:~~r<200&&(r=200),s.height=r):\"link\"===t.message&&(r=new URL(s.getAttribute(\"src\")),n=new URL(t.value),c.test(n.protocol))&&n.host===r.host&&l.activeElement===s&&(d.top.location.href=t.value))}},d.addEventListener(\"message\",d.wp.receiveEmbedMessage,!1),l.addEventListener(\"DOMContentLoaded\",function(){for(var e,t,s=l.querySelectorAll(\"iframe.wp-embedded-content\"),r=0;r<s.length;r++)(t=(e=s[r]).getAttribute(\"data-secret\"))||(t=Math.random().toString(36).substring(2,12),e.src+=\"#?secret=\"+t,e.setAttribute(\"data-secret\",t)),e.contentWindow.postMessage({message:\"ready\",secret:t},\"*\")},!1)))}(window,document);\n\/* ]]> *\/\n<\/script>\n","thumbnail_url":"https:\/\/www.ciclesfp.cat\/wp-content\/uploads\/2025\/06\/IMATGE1-JORGE-RAMOS-PELAEZ.png","thumbnail_width":754,"thumbnail_height":563,"description":"Qu\u00e8 important \u00e9s la utilitzaci\u00f3 de noves metodologies en projectes emprenedors! Durant aquest curs, el nostre alumnat ha pogut gaudir de diferents formacions en Design Thinking per desenvolupar els seus projectes de final de cicle. Aix\u00ed, dins el marc del Projecte Intermodular, on el treball en equip, la innovaci\u00f3 i la iniciativa personal s\u00f3n clau, el nostre alumnat ha rebut..."}

Institut Jaume Mimó FP

Apliquem Design Thinking al nostre projecte intermodular - Institut Jaume Mimó FP

<blockquote class="wp-embedded-content" data-secret="g83MPIFNVR"><a href="https://www.ciclesfp.cat/ca/2025/06/14/apliquem-design-thinking-al-nostre-projecte-intermodular/">Apliquem Design Thinking al nostre projecte intermodular</a></blockquote><iframe sandbox="allow-scripts" security="restricted" src="https://www.ciclesfp.cat/ca/2025/06/14/apliquem-design-thinking-al-nostre-projecte-intermodular/embed/#?secret=g83MPIFNVR" width="600" height="338" title="&#8220;Apliquem Design Thinking al nostre projecte intermodular&#8221; &#8212; Institut Jaume Mimó FP" data-secret="g83MPIFNVR" frameborder="0" marginwidth="0" marginheight="0" scrolling="no" class="wp-embedded-content"></iframe><script type="text/javascript">
/* <![CDATA[ */
/*! This file is auto-generated */
!function(d,l){"use strict";l.querySelector&&d.addEventListener&&"undefined"!=typeof URL&&(d.wp=d.wp||{},d.wp.receiveEmbedMessage||(d.wp.receiveEmbedMessage=function(e){var t=e.data;if((t||t.secret||t.message||t.value)&&!/[^a-zA-Z0-9]/.test(t.secret)){for(var s,r,n,a=l.querySelectorAll('iframe[data-secret="'+t.secret+'"]'),o=l.querySelectorAll('blockquote[data-secret="'+t.secret+'"]'),c=new RegExp("^https?:$","i"),i=0;i<o.length;i++)o[i].style.display="none";for(i=0;i<a.length;i++)s=a[i],e.source===s.contentWindow&&(s.removeAttribute("style"),"height"===t.message?(1e3<(r=parseInt(t.value,10))?r=1e3:~~r<200&&(r=200),s.height=r):"link"===t.message&&(r=new URL(s.getAttribute("src")),n=new URL(t.value),c.test(n.protocol))&&n.host===r.host&&l.activeElement===s&&(d.top.location.href=t.value))}},d.addEventListener("message",d.wp.receiveEmbedMessage,!1),l.addEventListener("DOMContentLoaded",function(){for(var e,t,s=l.querySelectorAll("iframe.wp-embedded-content"),r=0;r<s.length;r++)(t=(e=s[r]).getAttribute("data-secret"))||(t=Math.random().toString(36).substring(2,12),e.src+="#?secret="+t,e.setAttribute("data-secret",t)),e.contentWindow.postMessage({message:"ready",secret:t},"*")},!1)))}(window,document);
/* ]]> */
</script>

Què important és la utilització de noves metodologies en projectes emprenedors! Durant aquest curs, el nostre alumnat ha pogut gaudir de diferents formacions en Design Thinking per desenvolupar els seus projectes de final de cicle. Així, dins el marc del Projecte Intermodular, on el treball en equip, la innovació i la iniciativa personal són clau, el nostre alumnat ha rebut...
